) = m**2 - 5. Let h be i(a). Suppose v - 5*v + 73 = -5*j, 2*v + 5*j - h = 0. What is the remainder when v is divided by 12?
10
Let c(a) = -4*a**2 + a**3 + a**2 + 3*a + 7*a**2 + a**2 + 4. Calculate the remainder when c(-3) is divided by 7.
6
Let i(a) = -a**3 - 6*a**2 + 5*a - 5. Calculate the remainder when 15 is divided by i(-7).
6
Suppose -l + 3*t + 4 = -0*l, t = 0. Let x(z) = -z**3 + 7*z**2 + 8*z + 2. Let u be x(8). Suppose 0 = -a - u*a + 27. What is the remainder when a is divided by l?
1
Let a be -2 - 21/(-6)*2. What is the remainder when 3 is divided by (-2)/(-5) + 13/a?
0
Suppose 3*p - 88 = -p. Suppose -3*h + 228 = 3. Suppose -3*u = h - 267. Calculate the remainder when u is divided by p.
20
Let h(a) = -a**2 - 10*a - 10. Let w be h(-8). Suppose w + 4 = 2*i. Calculate the remainder when 42 is divided by ((-10)/i)/(4/(-22)).
9
Let v(i) = 10*i**2 - 3*i + 2. Calculate the remainder when ((-8)/10)/(4/(-130)) is divided by v(1).
8
Let j = 19 + 0. Let g = j + -11. Calculate the remainder when 22 is divided by g.
6
Suppose -5*w = 5*m - 60, 0 = 3*w - 4*w - 5*m + 32. What is the remainder when 17 is divided by w?
3
Let d(w) = w**3 - 7*w**2 - 5*w + 2. Suppose 0 = -3*o + 7*o - 840. Calculate the remainder when d(8) is divided by (2/(-5))/((-6)/o).
12
Let s be (2/(-4) + -1)*8. Let t = s + 34. Calculate the remainder when t is divided by (-45)/10*8/(-3).
10
Suppose 0 = 4*s - 73 - 27. Suppose 5 + 5 = 5*p, -t + 3 = -2*p. What is the remainder when s is divided by t?
4
Let v(l) = l - l**3 - l - 3*l**2 + 1. Let s be v(-3). Let t = 3 - s. What is the remainder when 3 is divided by t?
1
Let u(l) = -8*l - 6. Suppose 9 = -2*c - c. What is the remainder when 53 is divided by u(c)?
17
What is the remainder when 36 is divided by ((-384)/(-72))/(2/3)?
4
Suppose -5*i - 4*d + 106 = 14, -2*i - 5*d + 47 = 0. Suppose -2*k - 3*k = 0. Suppose k*z + 2*z - 12 = 0. Calculate the remainder when i is divided by z.
4
Suppose 0 = -3*s + 21 + 3. Let f be (-2)/s - (-702)/24. Suppose 0*o + f = o. What is the remainder when o is divided by 15?
14
Let w(p) = 19*p**2 + 2. What is the remainder when w(2) is divided by 27?
24
Suppose b + 60 = 4*b. Calculate the remainder when 79 is divided by b.
19
Suppose -4*y = -v - 100, v - 2 = 2*y - 50. What is the remainder when 77 is divided by y?
25
Suppose -16*d = -11*d - 335. Let r = 23 - 6. What is the remainder when d is divided by r?
16
Let a = 93 - -49. Calculate the remainder when a is divided by 24.
22
Let n be 5/25 - (-1518)/10. Calculate the remainder when 23 is divided by n/12 - (-4)/(-6).
11
Let y(i) = -40*i - 1. Suppose 3 = -2*b - b. Let x be y(b). Suppose -2*q - 2*q + k + x = 0, 2*q + 3*k = 23. Calculate the remainder when 29 is divided by q.
9
Suppose 36 = 4*s - 112. Calculate the remainder when s is divided by 19.
18
Let c(j) = 3*j**2 + 10*j - 16. Let v(x) = -16*x**2 - 50*x + 80. Let q(o) = 11*c(o) + 2*v(o). Calculate the remainder when 22 is divided by q(-12).
6
Suppose -n = -0 - 4. Suppose 126 = n*t - t. What is the remainder when t is divided by 22?
20
Let s(y) = y**2 + 1. Let g be s(-1). Suppose 0 = g*q - 39 + 1. Calculate the remainder when 37 is divided by q.
18
Let u(l) = 52*l**2 - 3*l - 3. Calculate the remainder when u(-1) is divided by 27.
25
Suppose -2*o + 1 = 3*o + 3*n, 4*n = 4*o - 20. Suppose -28 = -3*p - 2*u, 2*p + o*u = -u + 27. What is the remainder when 16 is divided by p?
4
Let o(v) = v - 2*v + 2*v + v + 7. Calculate the remainder when 75 is divided by o(6).
18
Suppose -229 = -6*i + 191. What is the remainder when i is divided by 18?
16
Let f(o) = o - 4. Let z be f(3). Let g be (3 - 4)*(-55)/z. Let s = g + 92. What is the remainder when s is divided by 13?
11
Let v be 4/(12/(-9))*-1. Suppose f = w - 3, -1 = 2*w - v*f - 3. What is the remainder when 1/4 - (-75)/4 is divided by w?
5
Let k be 4*(1/(-2) - -2). Let w be 44/(0 + k/(-63)). Calculate the remainder when (-1)/(-6) - w/36 is divided by 7.
6
Suppose -2*z + 2 = -10. Suppose 4*f + q - z*q = -1, 5 = 5*q. What is the remainder when 18 is divided by f - (-5 + (2 - 3))?
4
Let f(m) = -m + 23. Calculate the remainder when 21 is divided by f(15).
5
Let n(z) = -z - 2. Let b be n(-2). Let a(l) = -l + 13. What is the remainder when (-94)/(-4) + 2/4 is divided by a(b)?
11
Let m be 2 + 3/9*0. Suppose -m*l - 2*l + 52 = 0. What is the remainder when l is divided by 5?
3
Let s be ((-116)/8 - 1)*-4. Let q = 95 - s. Calculate the remainder when q is divided by 12.
9
Suppose -q + 3*f + 5 = -5, -2*q = -3*f - 23. Calculate the remainder when q is divided by 7.
6
Suppose 2*k + 20 = -22. Let j(p) = -11*p**3 + 2*p**2 - 1. What is the remainder when ((-77)/k)/(1/6) is divided by j(-1)?
10
Suppose -5*f + 8 = -12. Suppose f*w - 11 = 21. Suppose -n + 0*n = -14. What is the remainder when n is divided by w?
6
Let t(m) = -m**3 + 7*m**2 + 10*m - 12. Let w = -21 + 29. Calculate the remainder when (-13)/(1*-1 - 0) is divided by t(w).
1
Let s = -5 - -11. Calculate the remainder when 11 is divided by s.
5
Let n = -22 - -47. Calculate the remainder when (-1)/7 - (-5)/((-35)/(-687)) is divided by n.
23
Let b be 2/4*(0 - 18). Let y = b + 10. Let o(n) = n - 2. What is the remainder when y is divided by o(3)?
0
Calculate the remainder when 119 is divided by (-146)/(-6) + (-18)/54.
23
Let n be (-4)/(-14) - 36/(-21). Let b(l) = 21*l + 2. Calculate the remainder when b(n) is divided by 15.
14
Let l be (-9)/6*-2 - 0. Suppose -l - 12 = -3*d. Suppose -t + d*m = -38, 3*t - 2*m - 54 = 34. What is the remainder when t is divided by 15?
13
Suppose 0*z + 2*z - 64 = 0. Calculate the remainder when -2 + 0 - 37/(-1) is divided by ((-9)/(-4))/(6/z).
11
Let m = -160 + 278. Calculate the remainder when m is divided by 7.
6
Let w(m) = -m**3 - 6*m**2 - 10*m. Calculate the remainder when w(-5) is divided by 7.
4
Suppose -3*l = -2*l - 25. Let d = -72 + l. Let z = 66 + d. What is the remainder when 36 is divided by z?
17
Let g be (1 + 0)/((-1)/(-7)). Suppose -22 = -6*l + 14. Let y = g + l. What is the remainder when y is divided by 7?
6
Let z be (-3 + 5)/(2/1). Let r = 8 - z. What is the remainder when 19 is divided by r?
5
Let x(s) = -s + 3. Let j be x(-5). What is the remainder when 25 is divided by 16 - (j*-1)/(-4)?
11
Let w = 3 + -3. Suppose w = 5*l - 52 + 2. Calculate the remainder when l is divided by 6.
4
Suppose -3*h = -4*b - 12, 3*h - b - 5 = 7. Calculate the remainder when 58 is divided by h.
2
Let v(n) = -32*n + 1. Calculate the remainder when v(-1) is divided by 12.
9
Suppose -l + 3*j - 11 = j, -4*l = 5*j + 5. Let t = l - -14. What is the remainder when 34 is divided by t?
7
Let m = 6 + 8. Calculate the remainder when 4/1*41/4 is divided by m.
13
Let c be ((-5)/(-15))/(1/9). Suppose -c*h + q = -8 - 33, 4*h + 5*q - 23 = 0. What is the remainder when 32 is divided by h?
8
Let a be (-6)/(-2) - (2 - 3). Suppose -5*q + 53 = a*u, 5*u - 2*q = -0*u + 91. What is the remainder when 65 is divided by u?
14
Suppose 50 = 3*u + 20. Calculate the remainder when 37 is divided by u.
7
Suppose -3*x + 40 = 3*y + x, 4*x - 4 = 0. Calculate the remainder when 43 is divided by y.
7
Suppose -3*b - 34 = -4*z, -z + 18 = -b + 2*z. Suppose 2*k = 3*a - 53, 2*a + 17 = -5*k + 84. What is the remainder when a is divided by (b - 0)/(-2) - -9?
9
Calculate the remainder when 38 is divided by 14 + -3*4/(-12).
8
Let v(g) = g**2 - g + 13. What is the remainder when ((-15)/(-20))/((-1)/144*-3) is divided by v(0)?
10
Let k be (-20)/6*36/15. Let c = -9 + k. Let q = 24 + c. What is the remainder when 19 is divided by q?
5
Let t(u) = u**2 - 5*u. Let l be t(5). Suppose 2*k + l*k - 6 = 0. Calculate the remainder when 8 is divided by k.
2
Suppose 5*d - 46 = -4*z + 28, -52 = -3*z - 2*d. What is the remainder when z is divided by 6?
4
Let q(a) = a**3 + 7*a**2 + 6*a + 8. Calculate the remainder when 15 is divided by q(-6).
7
Suppose 2*r = 3*r. What is the remainder when r - (-3 - 2/1) is divided by 4?
1
Let o = 0 - -10. Calculate the remainder when 27 is divided by o.
7
Suppose -3*f - 5*r + 50 = 0, -4*f + 4*r = 6*r - 62. Suppose -140 = -5*b - 0*b. Calculate the remainder when b is divided by f.
13
Suppose 5*y - 6*y = -15. Calculate the remainder when 24 is divided by y.
9
Let x(p) = -7*p**2 - 3 + 0*p**3 + 1 - 4*p + p**3. Calculate the remainder when 